{"id":7638,"date":"2023-10-13T17:37:10","date_gmt":"2023-10-13T15:37:10","guid":{"rendered":"https:\/\/latinbody.ch\/tienda\/unkategorisiert\/faja-short-levantacola-ref-0216-2\/"},"modified":"2023-10-13T17:37:10","modified_gmt":"2023-10-13T15:37:10","slug":"faja-short-levantacola-ref-0216-2","status":"publish","type":"product","link":"https:\/\/latinbody.ch\/de\/tienda\/nicht-kategorisiert\/faja-short-levantacola-ref-0216-2\/","title":{"rendered":"FAJA SHORT LEVANTACOLA REF 0216"},"content":{"rendered":"<p><img decoding=\"async\" class=\"alignnone wp-image-287\" src=\"https:\/\/latinbody.ch\/wp-content\/uploads\/2020\/02\/1.png\" alt=\"\" width=\"200\" height=\"151\"><\/p>\n<ul>\n<li>Hergestellt aus Powernet \/ Made with Powernet<\/li>\n<li>Gef\u00fcttert mit hypoallergenem Stoff \/ Antiallergenic cotton lining material<\/li>\n<li>Freie Brust \/ Topless<\/li>\n<li>Po-Verst\u00e4rkung \/ Gluteos enhancement<\/li>\n<\/ul>\n","protected":false},"excerpt":{"rendered":"<p>Faja mit hohem R\u00fcckenteil, Short-Form und Po-Formung aus Flanell<\/p>\n<p>Hergestellt aus Powernet<\/p>\n<p>Gef\u00fcttert mit hypoallergenem Stoff<\/p>\n<p>Freie Brust<\/p>\n<p>Entdecken Sie diese fabelhaften Fajas, die f\u00fcr Frauen entwickelt wurden, die ihre Gr\u00f6\u00dfe reduzieren und ihre Figur formen m\u00fcssen!<\/p>\n","protected":false},"featured_media":7639,"comment_status":"open","ping_status":"closed","template":"","meta":{"_joinchat":[]},"product_brand":[],"product_cat":[1700],"product_tag":[],"class_list":{"0":"post-7638","1":"product","2":"type-product","3":"status-publish","4":"has-post-thumbnail","6":"product_cat-nicht-kategorisiert","8":"first","9":"instock","10":"shipping-taxable","11":"purchasable","12":"product-type-variable"},"yoast_head":"<!-- This site is optimized with the Yoast SEO plugin v27.4 - https:\/\/yoast.com\/product\/yoast-seo-wordpress\/ -->\n<title>FAJA SHORT LEVANTACOLA REF 0216 - LatinBody<\/title>\n<meta name=\"robots\" content=\"index, follow, max-snippet:-1, max-image-preview:large, max-video-preview:-1\" \/>\n<link rel=\"canonical\" href=\"https:\/\/latinbody.ch\/de\/tienda\/nicht-kategorisiert\/faja-short-levantacola-ref-0216-2\/\" \/>\n<meta property=\"og:locale\" content=\"de_DE\" \/>\n<meta property=\"og:type\" content=\"article\" \/>\n<meta property=\"og:title\" content=\"FAJA SHORT LEVANTACOLA REF 0216 - LatinBody\" \/>\n<meta property=\"og:description\" content=\"Faja mit hohem R\u00fcckenteil, Short-Form und Po-Formung aus Flanell Hergestellt aus Powernet Gef\u00fcttert mit hypoallergenem Stoff Freie Brust   Entdecken Sie diese fabelhaften Fajas, die f\u00fcr Frauen entwickelt wurden, die ihre Gr\u00f6\u00dfe reduzieren und ihre Figur formen m\u00fcssen!\" \/>\n<meta property=\"og:url\" content=\"https:\/\/latinbody.ch\/de\/tienda\/nicht-kategorisiert\/faja-short-levantacola-ref-0216-2\/\" \/>\n<meta property=\"og:site_name\" content=\"LatinBody\" \/>\n<meta property=\"article:publisher\" content=\"https:\/\/www.facebook.com\/latinbody\" \/>\n<meta property=\"og:image\" content=\"https:\/\/latinbody.ch\/wp-content\/uploads\/2023\/10\/216-1.jpg\" \/>\n\t<meta property=\"og:image:width\" content=\"1000\" \/>\n\t<meta property=\"og:image:height\" content=\"1000\" \/>\n\t<meta property=\"og:image:type\" content=\"image\/jpeg\" \/>\n<meta name=\"twitter:card\" content=\"summary_large_image\" \/>\n<script type=\"application\/ld+json\" class=\"yoast-schema-graph\">{\"@context\":\"https:\\\/\\\/schema.org\",\"@graph\":[{\"@type\":\"WebPage\",\"@id\":\"https:\\\/\\\/latinbody.ch\\\/de\\\/tienda\\\/nicht-kategorisiert\\\/faja-short-levantacola-ref-0216-2\\\/\",\"url\":\"https:\\\/\\\/latinbody.ch\\\/de\\\/tienda\\\/nicht-kategorisiert\\\/faja-short-levantacola-ref-0216-2\\\/\",\"name\":\"FAJA SHORT LEVANTACOLA REF 0216 - LatinBody\",\"isPartOf\":{\"@id\":\"https:\\\/\\\/latinbody.ch\\\/de\\\/#website\"},\"primaryImageOfPage\":{\"@id\":\"https:\\\/\\\/latinbody.ch\\\/de\\\/tienda\\\/nicht-kategorisiert\\\/faja-short-levantacola-ref-0216-2\\\/#primaryimage\"},\"image\":{\"@id\":\"https:\\\/\\\/latinbody.ch\\\/de\\\/tienda\\\/nicht-kategorisiert\\\/faja-short-levantacola-ref-0216-2\\\/#primaryimage\"},\"thumbnailUrl\":\"https:\\\/\\\/latinbody.ch\\\/wp-content\\\/uploads\\\/2023\\\/10\\\/216-1.jpg\",\"datePublished\":\"2023-10-13T15:37:10+00:00\",\"breadcrumb\":{\"@id\":\"https:\\\/\\\/latinbody.ch\\\/de\\\/tienda\\\/nicht-kategorisiert\\\/faja-short-levantacola-ref-0216-2\\\/#breadcrumb\"},\"inLanguage\":\"de\",\"potentialAction\":[{\"@type\":\"ReadAction\",\"target\":[\"https:\\\/\\\/latinbody.ch\\\/de\\\/tienda\\\/nicht-kategorisiert\\\/faja-short-levantacola-ref-0216-2\\\/\"]}]},{\"@type\":\"ImageObject\",\"inLanguage\":\"de\",\"@id\":\"https:\\\/\\\/latinbody.ch\\\/de\\\/tienda\\\/nicht-kategorisiert\\\/faja-short-levantacola-ref-0216-2\\\/#primaryimage\",\"url\":\"https:\\\/\\\/latinbody.ch\\\/wp-content\\\/uploads\\\/2023\\\/10\\\/216-1.jpg\",\"contentUrl\":\"https:\\\/\\\/latinbody.ch\\\/wp-content\\\/uploads\\\/2023\\\/10\\\/216-1.jpg\",\"width\":1000,\"height\":1000},{\"@type\":\"BreadcrumbList\",\"@id\":\"https:\\\/\\\/latinbody.ch\\\/de\\\/tienda\\\/nicht-kategorisiert\\\/faja-short-levantacola-ref-0216-2\\\/#breadcrumb\",\"itemListElement\":[{\"@type\":\"ListItem\",\"position\":1,\"name\":\"Portada\",\"item\":\"https:\\\/\\\/latinbody.ch\\\/de\\\/\"},{\"@type\":\"ListItem\",\"position\":2,\"name\":\"Shop\",\"item\":\"https:\\\/\\\/latinbody.ch\\\/tienda\\\/\"},{\"@type\":\"ListItem\",\"position\":3,\"name\":\"FAJA SHORT LEVANTACOLA REF 0216\"}]},{\"@type\":\"WebSite\",\"@id\":\"https:\\\/\\\/latinbody.ch\\\/de\\\/#website\",\"url\":\"https:\\\/\\\/latinbody.ch\\\/de\\\/\",\"name\":\"www.latinbody.ch\",\"description\":\"Fajas Reductoras | Reductora Post-Parto | Reductora Levanta Cola\",\"publisher\":{\"@id\":\"https:\\\/\\\/latinbody.ch\\\/de\\\/#organization\"},\"potentialAction\":[{\"@type\":\"SearchAction\",\"target\":{\"@type\":\"EntryPoint\",\"urlTemplate\":\"https:\\\/\\\/latinbody.ch\\\/de\\\/?s={search_term_string}\"},\"query-input\":{\"@type\":\"PropertyValueSpecification\",\"valueRequired\":true,\"valueName\":\"search_term_string\"}}],\"inLanguage\":\"de\"},{\"@type\":\"Organization\",\"@id\":\"https:\\\/\\\/latinbody.ch\\\/de\\\/#organization\",\"name\":\"latinbody\",\"url\":\"https:\\\/\\\/latinbody.ch\\\/de\\\/\",\"logo\":{\"@type\":\"ImageObject\",\"inLanguage\":\"de\",\"@id\":\"https:\\\/\\\/latinbody.ch\\\/de\\\/#\\\/schema\\\/logo\\\/image\\\/\",\"url\":\"https:\\\/\\\/latinbody.ch\\\/wp-content\\\/uploads\\\/2022\\\/07\\\/logo-latin-body-2022.svg\",\"contentUrl\":\"https:\\\/\\\/latinbody.ch\\\/wp-content\\\/uploads\\\/2022\\\/07\\\/logo-latin-body-2022.svg\",\"width\":625.34,\"height\":146.1,\"caption\":\"latinbody\"},\"image\":{\"@id\":\"https:\\\/\\\/latinbody.ch\\\/de\\\/#\\\/schema\\\/logo\\\/image\\\/\"},\"sameAs\":[\"https:\\\/\\\/www.facebook.com\\\/latinbody\",\"https:\\\/\\\/www.instagram.com\\\/latinbody_official\\\/\"]}]}<\/script>\n<!-- \/ Yoast SEO plugin. -->","yoast_head_json":{"title":"FAJA SHORT LEVANTACOLA REF 0216 - LatinBody","robots":{"index":"index","follow":"follow","max-snippet":"max-snippet:-1","max-image-preview":"max-image-preview:large","max-video-preview":"max-video-preview:-1"},"canonical":"https:\/\/latinbody.ch\/de\/tienda\/nicht-kategorisiert\/faja-short-levantacola-ref-0216-2\/","og_locale":"de_DE","og_type":"article","og_title":"FAJA SHORT LEVANTACOLA REF 0216 - LatinBody","og_description":"Faja mit hohem R\u00fcckenteil, Short-Form und Po-Formung aus Flanell Hergestellt aus Powernet Gef\u00fcttert mit hypoallergenem Stoff Freie Brust   Entdecken Sie diese fabelhaften Fajas, die f\u00fcr Frauen entwickelt wurden, die ihre Gr\u00f6\u00dfe reduzieren und ihre Figur formen m\u00fcssen!","og_url":"https:\/\/latinbody.ch\/de\/tienda\/nicht-kategorisiert\/faja-short-levantacola-ref-0216-2\/","og_site_name":"LatinBody","article_publisher":"https:\/\/www.facebook.com\/latinbody","og_image":[{"width":1000,"height":1000,"url":"https:\/\/latinbody.ch\/wp-content\/uploads\/2023\/10\/216-1.jpg","type":"image\/jpeg"}],"twitter_card":"summary_large_image","schema":{"@context":"https:\/\/schema.org","@graph":[{"@type":"WebPage","@id":"https:\/\/latinbody.ch\/de\/tienda\/nicht-kategorisiert\/faja-short-levantacola-ref-0216-2\/","url":"https:\/\/latinbody.ch\/de\/tienda\/nicht-kategorisiert\/faja-short-levantacola-ref-0216-2\/","name":"FAJA SHORT LEVANTACOLA REF 0216 - LatinBody","isPartOf":{"@id":"https:\/\/latinbody.ch\/de\/#website"},"primaryImageOfPage":{"@id":"https:\/\/latinbody.ch\/de\/tienda\/nicht-kategorisiert\/faja-short-levantacola-ref-0216-2\/#primaryimage"},"image":{"@id":"https:\/\/latinbody.ch\/de\/tienda\/nicht-kategorisiert\/faja-short-levantacola-ref-0216-2\/#primaryimage"},"thumbnailUrl":"https:\/\/latinbody.ch\/wp-content\/uploads\/2023\/10\/216-1.jpg","datePublished":"2023-10-13T15:37:10+00:00","breadcrumb":{"@id":"https:\/\/latinbody.ch\/de\/tienda\/nicht-kategorisiert\/faja-short-levantacola-ref-0216-2\/#breadcrumb"},"inLanguage":"de","potentialAction":[{"@type":"ReadAction","target":["https:\/\/latinbody.ch\/de\/tienda\/nicht-kategorisiert\/faja-short-levantacola-ref-0216-2\/"]}]},{"@type":"ImageObject","inLanguage":"de","@id":"https:\/\/latinbody.ch\/de\/tienda\/nicht-kategorisiert\/faja-short-levantacola-ref-0216-2\/#primaryimage","url":"https:\/\/latinbody.ch\/wp-content\/uploads\/2023\/10\/216-1.jpg","contentUrl":"https:\/\/latinbody.ch\/wp-content\/uploads\/2023\/10\/216-1.jpg","width":1000,"height":1000},{"@type":"BreadcrumbList","@id":"https:\/\/latinbody.ch\/de\/tienda\/nicht-kategorisiert\/faja-short-levantacola-ref-0216-2\/#breadcrumb","itemListElement":[{"@type":"ListItem","position":1,"name":"Portada","item":"https:\/\/latinbody.ch\/de\/"},{"@type":"ListItem","position":2,"name":"Shop","item":"https:\/\/latinbody.ch\/tienda\/"},{"@type":"ListItem","position":3,"name":"FAJA SHORT LEVANTACOLA REF 0216"}]},{"@type":"WebSite","@id":"https:\/\/latinbody.ch\/de\/#website","url":"https:\/\/latinbody.ch\/de\/","name":"www.latinbody.ch","description":"Fajas Reductoras | Reductora Post-Parto | Reductora Levanta Cola","publisher":{"@id":"https:\/\/latinbody.ch\/de\/#organization"},"potentialAction":[{"@type":"SearchAction","target":{"@type":"EntryPoint","urlTemplate":"https:\/\/latinbody.ch\/de\/?s={search_term_string}"},"query-input":{"@type":"PropertyValueSpecification","valueRequired":true,"valueName":"search_term_string"}}],"inLanguage":"de"},{"@type":"Organization","@id":"https:\/\/latinbody.ch\/de\/#organization","name":"latinbody","url":"https:\/\/latinbody.ch\/de\/","logo":{"@type":"ImageObject","inLanguage":"de","@id":"https:\/\/latinbody.ch\/de\/#\/schema\/logo\/image\/","url":"https:\/\/latinbody.ch\/wp-content\/uploads\/2022\/07\/logo-latin-body-2022.svg","contentUrl":"https:\/\/latinbody.ch\/wp-content\/uploads\/2022\/07\/logo-latin-body-2022.svg","width":625.34,"height":146.1,"caption":"latinbody"},"image":{"@id":"https:\/\/latinbody.ch\/de\/#\/schema\/logo\/image\/"},"sameAs":["https:\/\/www.facebook.com\/latinbody","https:\/\/www.instagram.com\/latinbody_official\/"]}]}},"_links":{"self":[{"href":"https:\/\/latinbody.ch\/de\/wp-json\/wp\/v2\/product\/7638","targetHints":{"allow":["GET"]}}],"collection":[{"href":"https:\/\/latinbody.ch\/de\/wp-json\/wp\/v2\/product"}],"about":[{"href":"https:\/\/latinbody.ch\/de\/wp-json\/wp\/v2\/types\/product"}],"replies":[{"embeddable":true,"href":"https:\/\/latinbody.ch\/de\/wp-json\/wp\/v2\/comments?post=7638"}],"wp:featuredmedia":[{"embeddable":true,"href":"https:\/\/latinbody.ch\/de\/wp-json\/wp\/v2\/media\/7639"}],"wp:attachment":[{"href":"https:\/\/latinbody.ch\/de\/wp-json\/wp\/v2\/media?parent=7638"}],"wp:term":[{"taxonomy":"product_brand","embeddable":true,"href":"https:\/\/latinbody.ch\/de\/wp-json\/wp\/v2\/product_brand?post=7638"},{"taxonomy":"product_cat","embeddable":true,"href":"https:\/\/latinbody.ch\/de\/wp-json\/wp\/v2\/product_cat?post=7638"},{"taxonomy":"product_tag","embeddable":true,"href":"https:\/\/latinbody.ch\/de\/wp-json\/wp\/v2\/product_tag?post=7638"}],"curies":[{"name":"wp","href":"https:\/\/api.w.org\/{rel}","templated":true}]}}

<p><img decoding="async" class="alignnone wp-image-287" src="https://latinbody.ch/wp-content/uploads/2020/02/1.png" alt="" width="200" height="151"></p>
<ul>
<li>Hergestellt aus Powernet / Made with Powernet</li>
<li>Gefüttert mit hypoallergenem Stoff / Antiallergenic cotton lining material</li>
<li>Freie Brust / Topless</li>
<li>Po-Verstärkung / Gluteos enhancement</li>
</ul>

<p>Faja mit hohem Rückenteil, Short-Form und Po-Formung aus Flanell</p>
<p>Hergestellt aus Powernet</p>
<p>Gefüttert mit hypoallergenem Stoff</p>
<p>Freie Brust</p>
<p>Entdecken Sie diese fabelhaften Fajas, die für Frauen entwickelt wurden, die ihre Größe reduzieren und ihre Figur formen müssen!</p>

<!-- This site is optimized with the Yoast SEO plugin v27.4 - https://yoast.com/product/yoast-seo-wordpress/ -->
<title>FAJA SHORT LEVANTACOLA REF 0216 - LatinBody</title>
<meta name="robots" content="index, follow, max-snippet:-1, max-image-preview:large, max-video-preview:-1" />
<link rel="canonical" href="https://latinbody.ch/de/tienda/nicht-kategorisiert/faja-short-levantacola-ref-0216-2/" />
<meta property="og:locale" content="de_DE" />
<meta property="og:type" content="article" />
<meta property="og:title" content="FAJA SHORT LEVANTACOLA REF 0216 - LatinBody" />
<meta property="og:description" content="Faja mit hohem Rückenteil, Short-Form und Po-Formung aus Flanell Hergestellt aus Powernet Gefüttert mit hypoallergenem Stoff Freie Brust   Entdecken Sie diese fabelhaften Fajas, die für Frauen entwickelt wurden, die ihre Größe reduzieren und ihre Figur formen müssen!" />
<meta property="og:url" content="https://latinbody.ch/de/tienda/nicht-kategorisiert/faja-short-levantacola-ref-0216-2/" />
<meta property="og:site_name" content="LatinBody" />
<meta property="article:publisher" content="https://www.facebook.com/latinbody" />
<meta property="og:image" content="https://latinbody.ch/wp-content/uploads/2023/10/216-1.jpg" />
	<meta property="og:image:width" content="1000" />
	<meta property="og:image:height" content="1000" />
	<meta property="og:image:type" content="image/jpeg" />
<meta name="twitter:card" content="summary_large_image" />
<script type="application/ld+json" class="yoast-schema-graph">{"@context":"https:\/\/schema.org","@graph":[{"@type":"WebPage","@id":"https:\/\/latinbody.ch\/de\/tienda\/nicht-kategorisiert\/faja-short-levantacola-ref-0216-2\/","url":"https:\/\/latinbody.ch\/de\/tienda\/nicht-kategorisiert\/faja-short-levantacola-ref-0216-2\/","name":"FAJA SHORT LEVANTACOLA REF 0216 - LatinBody","isPartOf":{"@id":"https:\/\/latinbody.ch\/de\/#website"},"primaryImageOfPage":{"@id":"https:\/\/latinbody.ch\/de\/tienda\/nicht-kategorisiert\/faja-short-levantacola-ref-0216-2\/#primaryimage"},"image":{"@id":"https:\/\/latinbody.ch\/de\/tienda\/nicht-kategorisiert\/faja-short-levantacola-ref-0216-2\/#primaryimage"},"thumbnailUrl":"https:\/\/latinbody.ch\/wp-content\/uploads\/2023\/10\/216-1.jpg","datePublished":"2023-10-13T15:37:10+00:00","breadcrumb":{"@id":"https:\/\/latinbody.ch\/de\/tienda\/nicht-kategorisiert\/faja-short-levantacola-ref-0216-2\/#breadcrumb"},"inLanguage":"de","potentialAction":[{"@type":"ReadAction","target":["https:\/\/latinbody.ch\/de\/tienda\/nicht-kategorisiert\/faja-short-levantacola-ref-0216-2\/"]}]},{"@type":"ImageObject","inLanguage":"de","@id":"https:\/\/latinbody.ch\/de\/tienda\/nicht-kategorisiert\/faja-short-levantacola-ref-0216-2\/#primaryimage","url":"https:\/\/latinbody.ch\/wp-content\/uploads\/2023\/10\/216-1.jpg","contentUrl":"https:\/\/latinbody.ch\/wp-content\/uploads\/2023\/10\/216-1.jpg","width":1000,"height":1000},{"@type":"BreadcrumbList","@id":"https:\/\/latinbody.ch\/de\/tienda\/nicht-kategorisiert\/faja-short-levantacola-ref-0216-2\/#breadcrumb","itemListElement":[{"@type":"ListItem","position":1,"name":"Portada","item":"https:\/\/latinbody.ch\/de\/"},{"@type":"ListItem","position":2,"name":"Shop","item":"https:\/\/latinbody.ch\/tienda\/"},{"@type":"ListItem","position":3,"name":"FAJA SHORT LEVANTACOLA REF 0216"}]},{"@type":"WebSite","@id":"https:\/\/latinbody.ch\/de\/#website","url":"https:\/\/latinbody.ch\/de\/","name":"www.latinbody.ch","description":"Fajas Reductoras | Reductora Post-Parto | Reductora Levanta Cola","publisher":{"@id":"https:\/\/latinbody.ch\/de\/#organization"},"potentialAction":[{"@type":"SearchAction","target":{"@type":"EntryPoint","urlTemplate":"https:\/\/latinbody.ch\/de\/?s={search_term_string}"},"query-input":{"@type":"PropertyValueSpecification","valueRequired":true,"valueName":"search_term_string"}}],"inLanguage":"de"},{"@type":"Organization","@id":"https:\/\/latinbody.ch\/de\/#organization","name":"latinbody","url":"https:\/\/latinbody.ch\/de\/","logo":{"@type":"ImageObject","inLanguage":"de","@id":"https:\/\/latinbody.ch\/de\/#\/schema\/logo\/image\/","url":"https:\/\/latinbody.ch\/wp-content\/uploads\/2022\/07\/logo-latin-body-2022.svg","contentUrl":"https:\/\/latinbody.ch\/wp-content\/uploads\/2022\/07\/logo-latin-body-2022.svg","width":625.34,"height":146.1,"caption":"latinbody"},"image":{"@id":"https:\/\/latinbody.ch\/de\/#\/schema\/logo\/image\/"},"sameAs":["https:\/\/www.facebook.com\/latinbody","https:\/\/www.instagram.com\/latinbody_official\/"]}]}</script>
<!-- / Yoast SEO plugin. -->

Faja mit hohem Rückenteil, Short-Form und Po-Formung aus Flanell Hergestellt aus Powernet Gefüttert mit hypoallergenem Stoff Freie Brust   Entdecken Sie diese fabelhaften Fajas, die für Frauen entwickelt wurden, die ihre Größe reduzieren und ihre Figur formen müssen!
